)/(2/3). Let q be ((-1)/(-5))/((-2)/(-30) + (-1694)/28875). What is the highest common factor of k and q?
25
Let z(c) = 3*c**2 + 33*c - 22. Let n be z(-14). Let w = n + -102. What is the greatest common factor of 5 and w?
1
Let l(j) = 3*j**2 - 16*j - 10. Let d be (15/10)/(3/16). Let i be l(d). Let z be 6/4 - 102/(-4). What is the highest common divisor of i and z?
27
Let g = -2013 - -2074. Calculate the greatest common factor of 14884 and g.
61
Suppose -2*z - 3*l + 4438 = 0, 2*z - 5*l = -0*l + 4454. Calculate the greatest common factor of 66 and z.
22
Let p(o) = -7*o**3 + o**2 + 3*o - 2. Let r be p(2). Let h = -24 - -88. Let q = h + r. What is the greatest common factor of q and 144?
16
Let s = -9724 - -14132. What is the greatest common divisor of s and 580?
116
Suppose -4 = -l + 6. Let h = -163 - -171. Let m be l/h*748/17. What is the greatest common factor of m and 22?
11
Let y(k) = -k**2 - 2*k + 86. Let j be y(-7). Suppose -5*o = 10, -8*w + j = -7*w - 4*o. Calculate the highest common factor of w and 559.
43
Suppose -12*o + 174689 = 142*o + 67659. What is the greatest common factor of o and 45?
5
Let l(j) = 32*j**2 + 69*j - 233. Let r be l(6). What is the highest common factor of 496 and r?
31
Suppose 14*c - 6072 + 441 = 2181. What is the highest common factor of 25389 and c?
279
Let q(g) = g**2 - 5*g + 12. Let w be ((-7)/63*-6)/((-4)/(-30)). Let d be q(w). Calculate the highest common factor of 6 and d.
6
Suppose 3*y - 255 = n + 2*n, -2*y + 4*n + 180 = 0. Calculate the highest common factor of 520 and y.
40
Let l(o) = -2*o**3 + 210*o**2 + 3*o - 159. Let b be l(105). Calculate the greatest common divisor of b and 324.
12
Let f(r) = r**3 + 7*r**2 - 13*r - 36. Let g be f(-8). Suppose 2*w - b - 1670 = 0, -g*b = -3*b - 2. What is the highest common factor of 44 and w?
44
Suppose 78 = -14*o + 11*o. Suppose 4*m - 140 = 28. Let k = o + m. What is the greatest common factor of 72 and k?
8
Let r be 116 + (17 - (-10)/(-1)). What is the greatest common factor of 1189 and r?
41
Suppose 3*w + 28 = -2*l, l + w = -3*w - 14. Let x be (-240)/(-25) - l/35. Calculate the greatest common divisor of x and 195.
5
Suppose 4*h - 450 = -3*z, 26*h - 25*h = 5*z + 78. What is the greatest common factor of 783 and h?
27
Suppose 2548 = 3*u + 217. Suppose m = -p + u, -p + 5*m + 0*m = -765. What is the greatest common factor of p and 31?
31
Let m(a) = -55*a - 166. Let l be m(-16). Calculate the highest common factor of l and 306.
102
Let w(f) = 2*f + 101. Let y be w(-8). Let i = y - 67. Suppose -a = h - 8, 3*a = h - 0*h. What is the highest common divisor of h and i?
6
Suppose 5*a - 546 = 124. Suppose 9*k = 100 + a. Calculate the greatest common factor of k and 117.
13
Suppose 15*x - 840 = 3*x. Let n = 79 - x. Let o = 10 - 7. Calculate the greatest common factor of o and n.
3
Suppose 5*s - 4*v - 80 = 0, 5*s - 135 = 5*v - 55. Let b(i) = -7 + 22*i - s*i + 5*i. Let u be b(5). What is the greatest common factor of u and 24?
24
Let v = -21517 + 21544. Calculate the highest common divisor of v and 1509.
3
Let l(i) = 4*i**2 - 152*i + 1771. Let c be l(46). Calculate the greatest common divisor of c and 276.
69
Let c be ((-156)/(-2))/(330/880). Calculate the highest common divisor of 1170 and c.
26
Suppose 0 = -3*u + 3 + 9. Let d be u/15*5*12. What is the highest common factor of 1 and d?
1
Let l(s) = 178*s - 2. Let d be l(1). Let p = 342 - d. Suppose -4*m + 606 - p = 0. What is the highest common divisor of m and 10?
10
Let q = 22225 + -22205. What is the highest common factor of 20 and q?
20
Let w = 42 + -29. Suppose -5*c - 232 = -1657. Let u = c - 142. What is the highest common divisor of w and u?
13
Suppose 0 = 4*a - 208 - 292. Let p = 595 + -395. Calculate the highest common divisor of a and p.
25
Let b(l) = -18*l**2 - 43 - 63 + 376*l**3 - 375*l**3 + 13*l. Let c be b(18). What is the highest common divisor of c and 48?
16
Suppose -12530 = -5*l - 2*s + 13753, 3*s = -5*l + 26282. Calculate the highest common factor of l and 7.
7
Suppose -4*p - 3*c + 2909 = 0, 28*p + 2*c = 29*p - 719. Calculate the highest common factor of p and 50.
25
Suppose 0 = -4*n + 2*u - 5*u + 1110, -10 = 5*u. Let j = n - 183. What is the greatest common divisor of 6 and j?
6
Suppose 2*k + 1 - 5 = 0, 0 = 5*b + 3*k - 26. Calculate the greatest common divisor of b and 566.
2
Suppose 25*u - 26*u = 2*x - 10, 0 = -4*x + 5*u + 20. Let b = -48 + 63. What is the greatest common factor of x and b?
5
Let s be 329 - (-119)/(2 + 15)*(-8)/14. What is the highest common divisor of s and 195?
65
Suppose -552 = 6*m - 11388. Suppose m = 25*v - 5344. Calculate the greatest common divisor of 26 and v.
26
Let k = -240 + 339. Let o(c) = c**3 - 14*c**2 + 3. Let x be o(14). Let a be x/(-15) - (-112)/10. Calculate the highest common divisor of a and k.
11
Let c = -343146 + 343177. Let h = 238 - 145. What is the highest common factor of c and h?
31
Let x be 127/1 - 0 - 1. Suppose 303 = h - 3*j, 4*h + 67*j = 60*j + 1155. Calculate the highest common divisor of x and h.
42
Let m(u) = -59*u**2 - 16*u - 30. Let q be m(-4). Let w = 1288 + q. What is the greatest common factor of w and 84?
42
Suppose -13 = 3*b + 5*k, 19*k = -b + 22*k + 19. What is the greatest common factor of 862 and b?
2
Suppose 4977 = -748*l + 757*l. Calculate the greatest common divisor of l and 49.
7
Let z = -21933 + 21958. Let s(f) = -f**2 + f + 100. Let a be s(0). Calculate the greatest common factor of z and a.
25
Suppose 7*u - 632 = 3*o + 4, 4*o = -2*u + 206. What is the greatest common factor of 51 and u?
3
Let w(s) = 479*s - 93 - 988*s + 497*s + 4*s**2. Let a be w(-9). Calculate the highest common factor of a and 3.
3
Suppose 13*m - 2412 = 7*m. Let i = -232 + m. Calculate the highest common factor of 204 and i.
34
Let t be -1*(-68)/8*10. Let f(i) = -3*i + 5. Let j = -30 - -30. Let m be f(j). What is the greatest common divisor of m and t?
5
Suppose 0 = 11*c + 31 + 57. Let x be 0 - c/((-8)/(-1)). What is the highest common factor of 53 and x?
1
Suppose 4974 = 5*i + 3*m, -4*i - 5*m = -1884 - 2116. What is the highest common divisor of i and 1100?
110
Let k = -17 + 34. Let p = 11117 - 11083. What is the highest common factor of k and p?
17
Let b = 465 + -450. Suppose -m + 4*m - 2*j = b, -m + 5*j = -18. What is the highest common divisor of m and 12?
3
Let x(m) = -23*m**2 - 2325*m - 186. Let t be x(-101). What is the greatest common divisor of 27344 and t?
16
Suppose 0 = v - 3. Let k(f) = f**3 - f**2 - 2*f + 208. Let o be k(0). Suppose 0 = 6*r + 136 - o. What is the highest common divisor of v and r?
3
Let k be 760/(-6) - (12/9)/4. Let r = k - -141. Calculate the highest common factor of r and 14.
14
Suppose 20 = 5*k, -5*s + 10 = -2*s - 2*k. Let n be (-5 - -8)*s - 8. What is the highest common factor of 760 and n?
10
Let h be (-17 - (-16 + 2))*(-18860)/12. What is the highest common divisor of 92 and h?
23
Suppose -26*i - z = -28*i + 253, -15 = 3*z. Suppose 4*o - 9 - 7 = 0. What is the greatest common divisor of i and o?
4
Suppose 3*u - 74 = -4*l, -9*l + 10*l + u = 18. Let c = -2 + 7. What is the greatest common divisor of c and l?
5
Let k(i) = -2*i**3 + 265*i**2 + 693*i - 43. Let q be k(135). What is the greatest common divisor of 14 and q?
7
Let y be 9/(-6) + 11/2. Let p = 2859 - 2591. What is the greatest common factor of y and p?
4
Suppose 4*w - 3 - 121 = 0. Suppose 7*d = w + 88. What is the greatest common factor of 68 and d?
17
Let w = 7 + 49. Let l be (1 - 2)*70*18/(-45). Calculate the greatest common factor of l and w.
28
Let f be (2 - 13/6)*-148*222. What is the highest common divisor of 37 and f?
37
Suppose -15*n = -1374 + 399. Let p = n - 61. Suppose -p*b + 3*i = 5*i - 508, 634 = 5*b + 3*i. Calculate the highest common factor of 8 and b.
8
Suppose -x + 5*l = 14, 0*x = -4*x - 4*l + 64. Let m(v) = 15*v + 384. Let a be m(-7). Let n be 55*(-4 + a/45). What is the greatest common divisor of n and x?
11
Let t(s) = s**2 - 6*s - 35. Let y(q) = 2*q**2 - 11*q - 70. Let o(p) = -7*t(p) + 3*y(p). Let z be o(10). Calculate the highest common factor of z and 150.
25
Let y = -423 + 421. Let i = 38 - y. What is the highest common factor of i and 100?
20
Suppose -2*b = -910 - 408. Let w = 79 + b. Suppose -a - u = -3*a + 359, -4*a + w = 2*u. Calculate the highest 